2 + 7*d + 1. Let h be k(3). Suppose 2030 = 3*z + h*z. Is (-1)/1 + (z - -10) prime?
False
Let d = 203620 + -70803. Is d prime?
True
Let h(k) = -167*k - 37. Let y(p) = 167*p + 36. Let u(d) = -7*h(d) - 6*y(d). Is u(33) composite?
True
Suppose 4*h - h = -2*u + 20, u = -h + 8. Is ((-11)/(-22))/(2/h)*12757 composite?
False
Let s = -171396 - -240863. Is s a composite number?
False
Let w = -90950 + 155367. Is w composite?
True
Suppose -6*p = 5*j - 736889, 4*p = 5*p - 4*j - 122781. Is p composite?
True
Suppose 125*l - 113296480 = -35*l. Is l a composite number?
True
Suppose -4*m + 26146 = -2*j - 21088, 4*j + 23626 = 2*m. Let g = m + -6583. Suppose -9*l = -l - g. Is l prime?
True
Suppose -67*j - 2*g = -62*j - 2717643, 4*j = -5*g + 2174128. Is j a prime number?
False
Let f(w) = 9*w - 23. Let h be f(16). Let o be (-2)/11 - 16/(-88). Suppose o = -2*g + 567 - h. Is g a prime number?
True
Is (-1 - -1)*(-8)/32 - -10393 prime?
False
Let i = 891 - 877. Suppose 10*g - i*g + n = -36629, -g = 5*n - 9152. Is g a composite number?
False
Suppose 14*v = -7*v - 168. Let o(q) = -370*q - 241. Is o(v) composite?
False
Let w = 706162 + -392955. Is w prime?
True
Let i(z) = 32*z**3 + z**2 - z + 12. Let v be i(5). Let u = 9349 - v. Is u a composite number?
True
Suppose x - 9701 = 5*r - 3858, -3*x + 2*r = -17516. Let b = 3833 - x. Let u = b - -3828. Is u a composite number?
False
Let o(r) = 25 - 353*r**2 + 354*r**2 - 3*r + 16*r. Let h be o(-11). Is ((-2)/h)/(-6 + 15924/2655) composite?
True
Let l = 195900 + -131629. Is l a composite number?
False
Let w(y) = y**2 - 5*y - 5. Let v be w(6). Suppose 4*s + 2*i - 2947 = 3*i, 5 = i. Is v + s + 5/(10/(-4)) a prime number?
False
Let w = -11 - -14. Suppose 0 = 4*n + w*a - 24715, 2*a + 3866 + 2310 = n. Suppose -4*l - 1518 = -n. Is l composite?
True
Suppose 0 = 110*s - 6073516 - 15776554. Is s prime?
True
Suppose 4*h = -2*v - 80, -3*h + h - 60 = -4*v. Let r = h + 21. Is 5726/7*(r + 2) a composite number?
True
Suppose 3*z - 85 = -2*l - 13, -120 = -5*z - 5*l. Let h be ((-228)/z)/(2/(-76)*-1). Let t = 196 - h. Is t a composite number?
False
Suppose -20*o + 24*o - 350070 = 2*m, -o + 2*m + 87516 = 0. Is o a prime number?
False
Let d(f) = 13*f**2 - 7*f + 4. Let g be d(3). Is -5*((-8072)/g)/((-3)/(-15)) a composite number?
True
Suppose -2*j - 13 = -3*c, 5*c - 2*j = -5*j + 9. Let g be 2701/3 + 3/(-9). Suppose 0 = -4*s + z + 1225, 0 = -0*s - c*s - 3*z + g. Is s a prime number?
False
Let r = -336 + 574. Suppose 0 = -3*y - 0*t - 3*t - 468, -3*y + 4*t - 489 = 0. Let x = r - y. Is x a composite number?
False
Let h(f) = 14*f**2 + 2. Let s be h(-2). Let x = s + -54. Suppose x*i = 460 + 72. Is i a prime number?
False
Let a be (3 - -1)*(983 - 21). Suppose a = -0*i + i. Let r = -2529 + i. Is r a composite number?
False
Let a be 6/(-3)*(-13 + 2). Suppose a*t + 50 = 24*t. Suppose r = -2*v - 2*v + 753, 0 = 5*r - t. Is v composite?
True
Let z(q) = -4*q - 33. Let a be z(-12). Let u(k) = 4*k - 3 + 6*k + 1 + a*k. Is u(9) a composite number?
False
Suppose 158*l = 155*l - 58317. Is l/(-14) + 6/(-4) a prime number?
False
Let j = 657507 + -309020. Is j a prime number?
True
Suppose u - 114793 = -4*m, 0 = -5*m + 4*u + 29206 + 114259. Is m a composite number?
False
Let f(o) = 3076*o**2 - 44*o + 353. Is f(9) composite?
True
Let l(f) = f + 1. Let r(u) = 102*u + 7. Let k(n) = 6*l(n) - r(n). Let q be k(-2). Suppose -35*w = -36*w + q. Is w a prime number?
True
Suppose -2*q + 47903 + 17234 = 6695. Is q a prime number?
True
Is (-3 + 561134/(-28))*-2 prime?
True
Suppose 15 = -3*r, 68 = 5*l - 3*r + 3. Suppose -3*x + 312377 = l*x. Is x a prime number?
True
Let v be (16/(-10))/(7 - 412/60). Is v/(-30) - (-100104)/40 a composite number?
False
Is (-31 + 5)/(4/(-6434)) a prime number?
False
Let m = -193 + 135. Let r = -54 - m. Suppose 62 = 5*z - 2*y + 6*y, r*z - 4*y = 64. Is z a prime number?
False
Is ((-162)/5)/((-60)/41800) - -7 a prime number?
False
Suppose 4*u - 665680 = -4*o, u - 168*o + 170*o = 166423. Is u prime?
True
Suppose -4*z + 14*t - 19*t = 21, -3*t = -5*z - 54. Is (17 + z - 7) + 12750 prime?
False
Let n = -25118 + 54075. Is n a composite number?
True
Suppose -332 - 508 = -4*n. Is ((-840665)/n)/((-2)/12) prime?
True
Suppose -188*p - 16 = -189*p. Suppose 5*c = p*c - 29909. Is c prime?
True
Let o = 14 + -9. Suppose o*i + 3*i - 24 = 0. Suppose -4*a = 5*t - 1971, -a + 5*t = i*a - 1941. Is a a composite number?
True
Let z(r) = 1422*r**2 - 12*r - 1. Is z(-7) a prime number?
True
Suppose -35*r + 3*v = -38*r + 163935, -v = -r + 54649. Is r a composite number?
False
Let y be 7/(35/55) + -4 - -3. Let b(p) = 2*p**3 + 13*p**2 + 11*p + 17. Is b(y) prime?
False
Let s = -64566 + 165980. Is s composite?
True
Suppose 681*x = 646*x + 21347585. Is x a prime number?
False
Let x = -29593 + 52466. Is x prime?
False
Suppose 0 = -19*r + 27*r - 40. Suppose -3*y = -2*w - r, -4*w - 3 = 2*y + 47. Is 4*5/w - -1885 prime?
False
Suppose -3*o = 5*p - 49, 4*p = -3*o + 5*p + 55. Suppose -31*s = -o*s - 70239. Is s composite?
True
Let v = 35 + 4. Suppose 42*m - 3 = v*m. Is (-27620)/(-24) - m*2/(-12) a composite number?
False
Let z = 515107 - 155718. Is z prime?
True
Let j(i) = 11*i**2 + 4*i - 112. Suppose -4*k + 54 = -2*c, 2*k = -3*k + 25. Is j(c) a composite number?
False
Let r(b) = -b**2 - 2*b + 51. Let i be r(-8). Suppose 0 = -5*k - w + 42429, -i*w = 2*k - 22343 + 5361. Is k prime?
False
Suppose 0 = -4*o + 1286 + 102. Let g = o - 142. Let z = g - -102. Is z prime?
True
Is 10339616/480 - (-3 - 47/(-15))/(-1) a composite number?
True
Let d = -36 + 44. Let z be d/(-6) + 2900/(-12). Let j = z - -454. Is j prime?
True
Suppose -3*b = -5*s - 113640, 0 = 3*b + 2*s - 100975 - 12665. Let r = 53787 - b. Is r a composite number?
False
Let a be 168*(1 + (-14)/6). Suppose -2*z = 2*b - 6*z + 862, 2*b - 2*z + 872 = 0. Let j = a - b. Is j a composite number?
True
Suppose 0 = -125*d + d - 5378875 + 17502231. Is d a composite number?
True
Let m(v) = -v**3 + v**2 + v + 5. Let x be m(2). Suppose x*l + 4*l = 742. Let h = 1073 - l. Is h prime?
True
Suppose 10*u - 27*u + 1051841 = 0. Is u composite?
True
Let n be (-2)/9 - (1 - (-310)/(-18)). Suppose -q = -5*k + n, 2 = -q - 6*k + 4*k. Is (-2958)/(-14) - q/(-21) prime?
True
Let p = -23185 + 32871. Suppose 5*i - p + 1121 = 0. Is i a composite number?
True
Let u = 43736 - 22887. Is u a composite number?
False
Let u be (-8 - -19) + (-9)/3. Let f(n) = -n**3 + 20*n**2 - n - 15. Is f(u) composite?
True
Let u be (-139224)/(-36) - 4/3. Suppose u = -2*w - 3*x + 16153, 2*x = -3*w + 18438. Suppose -5*s = -1177 - w. Is s a prime number?
False
Suppose -2*y - 3*p + 216195 = -78976, y - 5*p - 147618 = 0. Is y a prime number?
False
Let n = 200 + 311. Let v = n - 260. Is v a composite number?
False
Suppose -5*h + 2891 + 2429 = 0. Let z = h - 417. Is z prime?
True
Let q be 8 + 6 - (2/(-1) + 3). Let k(x) = 24 + 5*x - 12*x**2 - q*x**2 + 30*x**2 - 3*x**2. Is k(-11) a prime number?
True
Let d = -1722 - 2646. Let g = d - -7487. Is g a composite number?
False
Suppose -i = -13*t + 9*t + 1327, -2*i = t - 325. Is t prime?
True
Let q be (5/1 - 4) + 15. Suppose -3*d + 5*w + 12 = 0, d + 3*d - q = 3*w. Suppose 82 = -d*u + 2286. Is u prime?
False
Suppose -25 = -p + 5*k, -6*p + 2*p + 2*k = -64. Suppose -2*s = -5*s - 3*i + p, 1 = -s + 2*i. Suppose 2*n + 3*l - 385 = 0, s*n - 4*l = 130 + 439. Is n composite?
False
Suppose -3636872 = 76*g - 151*g + 67*g. Is g a composite number?
False
Let h(f) = 390*f**2 - 20*f + 67. Is h(-20) prime?
True
Let i(k) = 52 + 0*k**2 + k**2 - 7*k - 44. Let d be i(3). Is -7*(-8)/d*-1 composite?
True
Let k(f) = 500*f - 156. Let i be k(11). Suppose -4*c = 4*h - i, 5*h - 3136 = -4*c + 2207. Is c a prime number?
False
Let k be ((-6)/(-9))/1*(-208467)/18. Is 4/((-28)/k) + 0 a composite number?
False
Is ((6 - 2)/8)/(77/9971038) a composite number?
False
Let a be ((-2)/(-6))/(-1)*201. Let k = a + 102. Is 2 + (-6988)/(-5) - 21/k composite?
False
Suppose -10347*b = -10338*b - 8434701. Is b prime?
False
Let c(z) = 3*z**3 + 382*z**2 - 137*z + 193. Is c(-115) composite?
True
Suppose -r - 1051 = 2*v - 5954, -5*v + 3*r = -12296. Is v prime?
False
Let q = -338343 + 562480. Is q composite?
True
Suppose 0 = 4*b + 5*f - 8*f - 6434174, -4*f - 8042717 = -5*b. Is b prime?
False
Suppose 6*p = 6 + 12. Supp